s digit of 35347?
5
What is the tens digit of 174?
7
What is the ten thousands digit of 39463?
3
What is the hundreds digit of 4519?
5
What is the tens digit of 33452?
5
What is the units digit of 7099?
9
What is the thousands digit of 2112?
2
What is the thousands digit of 2902?
2
What is the units digit of 500?
0
What is the tens digit of 214?
1
What is the thousands digit of 5859?
5
What is the tens digit of 418?
1
What is the thousands digit of 6847?
6
What is the thousands digit of 4570?
4
What is the units digit of 530?
0
What is the tens digit of 681?
8
What is the tens digit of 503?
0
What is the hundreds digit of 35837?
8
What is the tens digit of 93684?
8
What is the thousands digit of 87227?
7
What is the hundreds digit of 8426?
4
What is the hundreds digit of 2014?
0
What is the ten thousands digit of 37788?
3
What is the units digit of 17994?
4
What is the tens digit of 411?
1
What is the ten thousands digit of 13572?
1
What is the thousands digit of 8365?
8
What is the hundreds digit of 383?
3
What is the thousands digit of 69116?
9
What is the hundreds digit of 11294?
2
What is the units digit of 1617?
7
What is the tens digit of 913?
1
What is the thousands digit of 2727?
2
What is the hundreds digit of 7005?
0
What is the units digit of 148?
8
What is the hundreds digit of 5193?
1
What is the ten thousands digit of 24515?
2
What is the units digit of 492?
2
What is the thousands digit of 3682?
3
What is the thousands digit of 12278?
2
What is the thousands digit of 5120?
5
What is the thousands digit of 1016?
1
What is the tens digit of 1132?
3
What is the hundreds digit of 1442?
4
What is the tens digit of 1061?
6
What is the hundreds digit of 5896?
8
What is the tens digit of 756?
5
What is the units digit of 1795?
5
What is the hundreds digit of 185?
1
What is the units digit of 1405?
5
What is the thousands digit of 48233?
8
What is the units digit of 4709?
9
What is the tens digit of 190?
9
What is the ten thousands digit of 64195?
6
What is the hundreds digit of 170391?
3
What is the hundreds digit of 780?
7
What is the hundreds digit of 1274?
2
What is the tens digit of 511?
1
What is the units digit of 19015?
5
What is the thousands digit of 1742?
1
What is the tens digit of 598?
9
What is the tens digit of 12798?
9
What is the tens digit of 1102?
0
What is the thousands digit of 71763?
1
What is the ten thousands digit of 58606?
5
What is the tens digit of 24258?
5
What is the ten thousands digit of 49667?
4
What is the hundreds digit of 30005?
0
What is the thousands digit of 12194?
2
What is the tens digit of 3941?
4
What is the tens digit of 5313?
1
What is the units digit of 4545?
5
What is the ten thousands digit of 39968?
3
What is the units digit of 21?
1
What is the thousands digit of 27995?
7
What is the tens digit of 78915?
1
What is the tens digit of 18501?
0
What is the thousands digit of 4819?
4
What is the hundreds digit of 24383?
3
What is the thousands digit of 10976?
0
What is the hundreds digit of 3527?
5
What is the units digit of 39131?
1
What is the units digit of 24672?
2
What is the hundreds digit of 575?
5
What is the units digit of 16127?
7
What is the units digit of 21726?
6
What is the units digit of 4135?
5
What is the tens digit of 61375?
7
What is the thousands digit of 2224?
2
What is the ten thousands digit of 10730?
1
What is the tens digit of 351?
5
What is the units digit of 5230?
0
What is the ten thousands digit of 10627?
1
What is the hundreds digit of 11998?
9
What is the hundreds digit of 2234?
2
What is the tens digit of 2600?
0
What is the tens digit of 5039?
3
What is the units digit of 3231?
1
What is the tens digit of 86035?
3
What is the tens digit of 65?
6
What is the units digit of 905?
5
What is the units digit of 7733?
3
What is the thousands digit of 3600?
3
What is the thousands digit of 9051?
9
What is the hundreds digit of 970?
9
What is the tens digit of 1377?
7
What is the units digit of 9233?
3
What is the units digit of 5017?
7
What is the ten thousands digit of 38201?
3
What is the units digit of 6642?
2
What is the tens digit of 4560?
6
What is the thousands digit of 3253?
3
What is the tens digit of 14632?
3
What is the tens digit of 5199?
9
What is the tens digit of 4177?
7
What is the thousands digit of 1217?
1
What is the thousands digit of 123361?
3
What is the thousands digit of 3394?
3
What is the units digit of 24214?
4
What is the thousands digit of 40712?
0
What is the units digit of 337?
7
What is the thousands digit of 1941?
1
What is the hundreds digit of 253?
2
What is the ten thousands digit of 23119?
2
What is the tens digit of 6966?
6
What is the units digit of 10674?
4
What is the thousands digit of 5513?
5
What is the tens digit of 1787?
8
What is the thousands digit of 5734?
5
What is the thousands digit of 17670?
7
What is the thousands digit of 5741?
5
What is the hundreds digit of 1465?
4
What is the tens digit of 7194?
9
What is the units digit of 127860?
0
What is the tens digit of 61525?
2
What is the tens digit of 112287?
8
What is the hundreds digit of 869?
8
What is the units digit of 55082?
2
What is the hundreds digit of 11555?
5
What is the tens digit of 84350?
5
What is the hundreds digit of 5505?
5
What is the tens digit of 8754?
5
What is the tens digit of 715?
1
What is the thousands digit of 11593?
1
What is the hundreds digit of 2280?
2
What is the units digit of 66980?
0
What is the hundred thousands digit of 128913?
1
What is the thousands digit of 4099?
4
What is the tens digit of 23150?
5
What is the units digit of 113935?
5
What is the hundreds digit of 2037?
0
What is the ten thousands digit of 25661?
2
What is the tens digit of 3405?
0
What is the tens digit of 39324?
2
What is the tens digit of 556?
5
What is the ten thousands digit of 12369?
1
What is the thousands digit of 23186?
3
What is the units digit of 398?
8
What is the tens digit of 147629?
2
What is the hundreds digit of 42139?
1
What is the units digit of 15575?
5
What is the tens digit of 505?
0
What is the hundreds digit of 20139?
1
What is the thousands digit of 64706?
4
What is the hundreds digit of 7572?
5
What is the tens digit of 1558?
5
What is the hundreds digit of 574?
5
What is the units digit of 119897?
7
What is the tens digit of 101120?
2
What is the hundreds digit of 8137?
1
What is the units digit of 3555?
5
What is the hundreds digit of 628?
6
What is the hundreds digit of 1344?
3
What is the tens digit of 727?
2
What is the units digit of 3765?
5
What is the thousands digit of 14512?
4
What is the ten thousands digit of 24986?
2
What is the units digit of 19800?
0
What is the tens digit of 1907?
0
What is the hundreds digit of 2930?
9
What is the tens digit of 8444?
4
What is the hundreds digit of 2245?
2
What is the units digit of 1154?
4
What is the hundreds digit of 1110?
1
What is the tens digit of 65234?
3
What is the units digit of 21491?
1
What is the tens digit of 129915?
1
What is the tens digit of 8826?
2
What is the units digit of 23951?
1
What is the units digit of 1183?
3
What is the units digit of 169?
9
What is the units digit of 2225?
5
What is the thousands digit of 2921?
2
What is the units digit of 2016?
6
What is the units digit of 54235?
5
What is the units digit of 2482?
2
What is the units digit of 877?
7
What is the units digit of 917?
7
What is the units digit of 15976?
6
What is the tens digit of 1209?
0
What is the tens digit of 1621?
2
What is the hundreds digit of 1149?
1
What is the hundreds digit of 17064?
0
What is the units digit of 1923?
3
What is the units digit of 807?
7
What is the units digit of 31654?
4
What is the hundreds digit of 7879?
8
What is the tens digit of 594?
9
What is the tens digit of 59951?
5
What is the hundreds digit of 78559?
5
What is the units digit of 4613?
3
What is the ten thousands digit of 12841?
1
What is the ten thousands digit of 100954?
0
What is the hundreds digit of 17350?
3
What is the units digit of 198?
8
What is the units digit of 748?
8
What is the thousands digit of 5850?
5
What is the hundreds digit of 765?
7
What is the units digit of 639?
9
What is the hundreds digit of 2437?
4
What is the tens digit of 3835?
3
What is the units digit of 2544?
4
What i